t is the value of (41 - (23 + -16)) + -9 - 28?
-3
Calculate 2 + -10 + (-75 + -32 - -41 - (1 - 1)).
-74
(2 - -73) + (-6117 - -6080)
38
What is the value of (5 + 4 - -8) + -55?
-38
What is the value of 13 - (-10 + 20 + 2) - 14?
-13
Calculate -8 - (19 + -32 - (0 + 5)).
10
Calculate -71 - (-2 + -2 - -1) - (-38 + 61 + -29).
-62
Evaluate (11 - -10) + 18 + -17.
22
What is the value of -17 + (4 - (1 - 0)) + (-65 - -59)?
-20
43 + 3 + -47 + 21 + -1
19
What is the value of 30 - (40 + -50 + 20)?
20
What is the value of (-150 - -88) + 70 - (-5 - 11)?
24
Calculate -9 + (-11 - -85) + (-10 - (-7 - 1) - -1).
64
-1 + -17 + (285 - 272) + 13
8
0 + (4 - 40) + (1400 - 1414)
-50
Evaluate 24 + -2 + 4 + (0 - 11) + -11.
4
Calculate 36 + (40 - 58) - ((-7 - -10) + (1 - -6)).
8
What is the value of 14 + (6 - 3 - (-1 - -4))?
14
What is the value of 42 - ((49 - 57) + -7)?
57
Calculate 11 + (127 + -75 - (2 + 6)).
55
What is the value of 41 - (-8 - -48) - (-2 - -11)?
-8
What is the value of -2 + 3 - (-1252 + 1240)?
13
Calculate (-2947 - -2941) + (0 - 26).
-32
What is -13 + 4 + (35 - (8 - -24))?
-6
Evaluate -69 + (-59 - -16) + 253.
141
Calculate 0 + -23 - (181 - (-128 + 276)).
-56
Calculate (-14 + 4 - (20 + -26) - -3) + -10.
-11
Calculate (26 - -23) + 38 + -104.
-17
Calculate (54 - (-125 + 160)) + 2.
21
Evaluate -280 + 210 + (31 - (4 - (-10 + 7))).
-46
Evaluate -10 + -15 + 19 + -10 + 16 - -4.
4
Calculate -14 + (50 - 61) + (73 - 6).
42
What is the value of 12 + (10 - (-1 + 9 + (41 - 3)))?
-24
Calculate (24 + -52 + 7 - -28) + (2 - 40) + -1.
-32
Evaluate 60 - (3 - 1) - (-3 - (-77 + 65)).
49
Evaluate 2169 + -2135 + 4 + 0 - 19.
19
-6367 + 6471 - (136 + -2)
-30
What is -3 + -30 - (-195 + 178)?
-16
What is -11 + (1 - 87 - (51 - 93))?
-55
Evaluate (-4 + 2 - (-2 - -13)) + (27 - 21) + -8.
-15
Evaluate 10 - (-2 + 11) - (8 - ((6 - -2) + -1)).
0
What is the value of -20 + 18 + (11 - (8 - 3))?
4
Calculate -47 + 21 - (-5 + 17 + -1).
-37
What is the value of 84 + (-100 - -46) - 69?
-39
What is the value of -47 - (-31 + 22) - -33?
-5
Evaluate 5 + -106 + (-7 - (11 + -33)) + 15.
-71
Evaluate -50 + 12 + 73 + 3 + -3 + -2.
33
What is the value of (-3 - (8 + 2)) + -37 + 47?
-3
What is (-47 - -32) + (4 - 1) + (23 - 24)?
-13
What is the value of (-12 - 172 - -188) + (0 + -57 - 0)?
-53
Evaluate -3 - (1 + -3) - (2 + -28 + 23 - 28).
30
Calculate (39 - 70) + 23 - ((0 - 0) + -8).
0
Evaluate 3 + (8 - (-13 + 8) - 26) + -12.
-22
What is -50 + -39 - (-8 + -1 + -8 + 2 + 9)?
-83
Evaluate -16 - (11 + (33 - 27) + -51).
18
What is the value of -139 + 100 + 8 + 2 - -150?
121
What is the value of (15 - 25) + -16 + -34 + 16?
-44
What is the value of -30 + 29 + -5 + 9 + -14?
-11
What is 67 + -43 - (70 - 28)?
-18
Calculate -45 - -14 - (41 + -19 + -25).
-28
-23 + (20 - -3) + 203 + -191
12
Evaluate -29 + 4 - (57 - 98).
16
Calculate -13 - (-52 + 33 + 55).
-49
What is (3 - 134) + 25 + 27 - -12?
-67
Calculate 4581 + -4518 - (0 + 32).
31
Evaluate (12 + (-16 - 5) - -7) + -9 + (60 - 5).
44
What is the value of -99 - (-129 + (-58 - -52))?
36
-2 + 106 + 8106 + -8202
8
-5 - (244 - 231 - (-14 - 1))
-33
Calculate (16 - (-8 + 17 + 13 - 13)) + 59.
66
Calculate 0 - -11 - (-21 + 26) - (57 - 4).
-47
Calculate 2 - (-16 - ((-18 - 1) + -2 + 9)).
6
Calculate (138 - 2) + -149 + (1 - -3) + -33.
-42
Calculate 51 + (-8 - ((12 - -4) + -18 + 6)).
39
(105 - -1) + 1180 + -1209 - -25
102
What is -125 + (39 - -40) + -16?
-62
Calculate -1 + 10 - (18 + (3 - 15) - 18).
21
21 - ((2 + 6 - -6 - 4) + 1)
10
What is the value of -2 + -30 + 16 + 36 - -2?
22
Evaluate -2 - (14 + 2) - (252 + -179 + -97).
6
What is the value of -104 + 102 + (-11 + 0 - 2)?
-15
What is the value of -597 + 599 + -13 + 0 - 20?
-31
What is -26 - (-1 + -17 + (-8 - -8)) - -23?
15
What is 15 - (-139 - -73) - (1 - 3 - -14)?
69
What is the value of -2 - 6 - -4 - (-16 + -15)?
27
79 + -60 + (-55 - (5 + -7))
-34
What is (-33 - 1) + (-23 - (19 + 14 + -68))?
-22
What is 5 - (23 + 2 + -2 + (-23 + 15 - 2))?
-8
Evaluate 17 + -1 - ((85 - 70) + -11).
12
Calculate -1 - (-74 - (55 + -108)).
20
Evaluate -31 + (-40 + 15 - (12 - -8)).
-76
(-263 - -292 - 17) + (36 + 1 - -1)
50
What is the value of -38 - -17 - (-78 + (7 - -7))?
43
Calculate -9 - (1 - ((21 - 2) + -11) - 2).
0
Calculate -16 + 6 - (4 - (-9 - (1 + 11 - 6))).
-29
What is the value of (-14 - (-1 + -5)) + (-411 - -425) + -1 + 26?
31
What is the value of -4 - (-17 - -24 - 1 - (-5 - -100))?
85
Calculate 10 + 35 + -66 - -24.
3
Evaluate 13 - (-14 + 8 + 66 + -5 + -4).
-38
Calculate 151 + (0 - -35) + -97.
89
Evaluate (1 - 8 - -6) + 11 + -1 + -17 + 8.
0
What is the value of 39 - 46 - (-4 - (5 + -2) - (-99 - -65))?
-34
What is the value of (11 + 57 - 8) + 13?
73
(-6 - -6) + -27 - (-1229 + 1287)
-85
Calculate -149 + 26 + (19 - (-3 - -9)) + 10.
-100
(11 + 0 + 1 - (-110 - -115)) + -16 + 53
44
What is 6 + (134 + -147 - ((1 - -2) + -31))?
21
Calculate (-14 - -3) + -3 - (-47 + 43 + 23).
-33
Calculate (-1 - (3 - 1)) + (-14 + -16 - -4) + -6.
-35
What is 53 + -37 + -9 + (-1 - 9) - 8?
-11
Calculate 9 - (-1 + -68 + (-16 - -62 - 51) - -11).
72
What is (10 - -1) + (-56 - -73) + -1?
27
16 - 1 - ((-36 - -54) + 31)
-34
Evaluate (-12 - 2 - (-40 - -23)) + 2 + (3 - 83).
-75
-2 + 6 - (35 + (-14 - (-2 - (1 + 8))))
-28
Calculate -59 - (-32 - -6 - -3) - -114.
78
Evaluate 169 + 39 + -52 + 4 + -45.
115
What is -19 + 32 + 14 + -80 + -1?
-54
Evaluate 51 + 2 - (77 - 37).
13
(31 - (26 - 10)) + -20 + 29 + 23
47
What is -44 - 5 - -1 - -77?
29
Calculate (20 - ((-7 - -44) + -14)) + 67.
64
-64 + 2 + -5 + (-1691 - -1709)
-49
Evaluate -126 + 61 + 58 - (4 + -6 + 2 + 43).
-50
Calculate (-3 - 0) + -115 + 100 + (20 - 131).
-129
Calculate -9 - ((16 - 79) + 90).
-36
Calculate -38 + 95 + 227 + -150.
134
What is the value of 5 + (0 - 3) + 6 + (-8 - (-13 - 22))?
35
Evaluate -3 + (8 - -3) + -33 + 11 + -10.
-24
What is 1 + -11 + (41 - 56)?
-25
What is 57 - (-35 - (63 - 111))?
44
40 + (-41 - -42) + (0 - 2 - -1) + 2
42
(19371 - 19320) + (1 - (0 - 0))
52
What is 86 - -5 - (1303 + -1268)?
56
(-1 - (45 - 13) - 4) + 14
-23
What is the value of 395 - 416 - (-39 + (1 - 3))?
20
What is 18 - 27 - ((1 - 0 - -3) + -16) - 12?
-9
What is 3 - (-32 + 92 + -47) - -3?
-7
Calculate -4563 + 4558 - (55 + 0).
-60
What is -25 + (30 + -29 - -15)?
-9
35 + (-34 - 1) + (-5 - 5 - -1) + -83
-92
What is 0 + -98 + 2613 + -2586?
-71
What is the value of 45 - (-76 - (-79 + -17))?
25
Calculate 29 + (0 + 48 - 48).
29
Calculate -113 + (-174 - -88 - -254).
55
What is the value of (6 - -3) + (-90 - (-143 - -79))?
-17
Evaluate 13 + (-21 - -31 - 13 - -48).
58
Calculate 28 - 59 - (-16 - (-15 + 21)) - 98.
-107
Evaluate 37 - 4 - (-4 - (22 + -24)).
35
What is -10 + 10 + (24 + -20 - 9) + 0?
-5
What is the value of -13 + 51 - (-16 + 4 - -4 - 1)?
47
What is the value of 38 + 1 - (-2587 + 2623)?
3
(-6 - (-7 - 16)) + (1 - 49)
-31
What is the value of 1 - (34 - -46 - 44)?
-35
Calculate 103 - 39 - (1 + 9 + (-155 - -155)).
54
What is the value of -8414 + 8419 + 1 + -1 + -47?
-42
25 + -27 + 12 + -80 - (8 - 15)
-63
Calculate -1 + -15 + (-7 - -3) - -27 - -36.
43
What is (7 - -8 - -9) + 9 + 39?
72
Evaluate -529 + 504 - (-1 + 2 - 99).
73
What is (50 - (52 + -20)) + (-49 - (-3 - -5))?
-33
What is 5 - (-4 + -25 + 17 + 50)?
-33
-2 + 25 + 72 + -77 - -18
36
Calculate 18 + -48 + (158 - 195).
-67
What is the value of (16 - (8 - (-15 + -1 - -38))) + (1 - 4)?
27
Evaluate -3 + -50 + 3 - (26 + -69 + 17 + 24).
-48
Calculate (347 - 359) + (-1 - -87 - -2) + -1 + -1.
74
Calculate 86 + -236 - -62 - -23.
-65
Evaluate (9 - (36 - -4)) + (11 - (-1 - (-14 + -5))).
-38
What is the value of 232 + -56 + -78 + -35?
63
Evaluate 235 - 199 - (-1 + -19).
56
(0 - -2) + -5 + 4 + -4 - (569 - 594)
22
-21 - (-7 - 18) - (11 + -14 - 50)
57
164 + -149 + (-10 - 38)
-33
What is 58 - (-54 - -146) - (-5 + 0)?
-29
Calculate (-374 - -327) + 1 + 6.
-40
What is the value of -11 - ((35 - (-26 - -101)) + -97)?
126
10 + (21 - 11) + -30 - (2 - -13)
-25
What is 132 + -135 + (-6 - 21) + 3?
-27
Evaluate 29 + (-21 - (64 - 37)).
-19
3 + -6 - ((-4 - -22) + -6 + -6)
-9
Calculate 1 + (18 - (28 - (-8 + 4))) + 29.
16
Calculate -5 + -5 + 0 - (15 + 5 + 10).
-40
Evaluate 2 + 36 - (-30 + 21).
47
Calculate 15 + (13 - (41 - -18)) - (10 - -6).
-47
What is (62 - 45) + -147 + 74?
-56
What is the value of (-12 - -1) + 97